
29
Let c = -31871 + 36442. What is the greatest common divisor of c and 7?
7
Suppose 0 = -3*b + s + 850 - 190, -4*s + 12 = 0. Suppose -5*l - 129 - b = 0. Let o = l - -88. What is the greatest common divisor of o and 72?
18
Let h(a) = 164*a**3 + a - 1. Let v be h(1). Let k be (1 + 7)/(1*15 - 1586/122). Calculate the highest common factor of v and k.
4
Suppose -3975 = -242*q + 1089 + 1712. What is the highest common factor of 11 and q?
1
Let w = 14928 + -14793. What is the highest common divisor of 4833 and w?
27
Let p = 559 + -163. What is the greatest common factor of 495 and p?
99
Let x = 2622 + -2031. What is the greatest common factor of x and 3?
3
Suppose -2*y + 115 = 2*f - 79, -5*y - 3*f + 491 = 0. Suppose 0 = -b - b + y. Let n = 112 - 102. Calculate the greatest common divisor of b and n.
10
Let u = 482 + -484. Let z be 87 + (3*u/(-3) - 5). Suppose w = t - 32, -3*w = -8*w - 20. Calculate the greatest common divisor of z and t.
28
Suppose 0 = -7*g + 2*g + 250. Suppose -32 = -4*q - 4*f, -3*q + 5*f + g = 2*q. Suppose 3*a - 237 = -25*a - 51*a. Calculate the greatest common factor of a and q.
3
Let v(k) = k**2 + 6*k - 9. Let s be v(3). Let o(l) = 7*l - 7. Let a be o(s). What is the greatest common divisor of a and 34?
17
Let w be 12 + (-87368)/(-156) - 6/117. Calculate the greatest common divisor of w and 3476.
44
Suppose -5*s = -2*s + 2*j - 47, -2*s + 10 = -4*j. Let v = -5 + s. Suppose -5*k - o = -5*o - 12, v = 4*k - 4*o. What is the greatest common factor of k and 3?
1
Let h(q) be the third derivative of -q**4/8 + q**3 - q**2. Let n be h(-7). Suppose 5*y = -217 + 247. What is the highest common factor of y and n?
3
Let s(b) = b**3 + 24*b**2 - 26*b - 31. Suppose -5*u - 37 = 88. Let j be s(u). Let a be j*(-5)/15*4. What is the greatest common factor of 8 and a?
8
Let s = 9297 + -8897. What is the highest common factor of s and 27400?
200
Let n = -125 + 151. Let k be (39/(-2))/(10/(-60)). What is the highest common divisor of n and k?
13
Suppose -5 = 4*s + 11. Let q be (-12)/(-9) - -5*18/135. Let p be (s/4)/(-2*q/60). What is the highest common factor of 75 and p?
15
Let b(j) = j**3 - 5*j**2 + j + 9. Let r be b(5). Let t = -37 + 42. Let o be (-1 + t)*(-350)/(-40). What is the greatest common divisor of o and r?
7
Suppose 0 = -11*q - 579 - 367. Let z = q + 103. Let t(p) = -p**3 + 10*p**2 + 8*p - 5. Let x be t(8). What is the greatest common divisor of z and x?
17
Suppose 0 = 3*s + 5*k - 125, -4*s - 50*k = -55*k - 155. What is the greatest common factor of s and 544?
8
Let q(s) be the second derivative of s**4/12 - 25*s**3/6 + 47*s**2 + 33*s. Let k be q(22). What is the highest common divisor of 42 and k?
14
Let n be (1/(-2))/(3*(-4)/2016). Suppose -4*j = -3*j + 6. Let z = 62 + j. Calculate the greatest common divisor of z and n.
28
Let o(u) = 0 + 1 + 26*u**3 - u**2 + 3*u - 4*u. Let j be o(1). Suppose 0 = -98470*q + 98488*q - 3600. Calculate the greatest common factor of q and j.
25
Suppose v = 119 - 23. Suppose 0 = -d + 5*u + 249, -2*d + u + 429 = -33. Let y = 253 - d. What is the greatest common factor of v and y?
24
Let a(g) = -7*g + 71 + 0*g + 15*g + 5*g. Let p be a(-5). Calculate the greatest common factor of p and 426.
6
Let j = 8548 - 5452. What is the greatest common factor of 108 and j?
36
Suppose 0 = -s + 5*l - 49 + 101, -3*s = 3*l - 12. Suppose 680 = 5*n + 200. Calculate the highest common factor of n and s.
12
Suppose 20*c - 24*c + 2*h + 14 = 0, h + 1 = c. What is the greatest common divisor of 2517 and c?
3
Let l(i) = -237*i - 24. Let d be l(-4). Let n be (2/(-4))/((-9247)/d + 10). What is the highest common factor of n and 198?
66
Suppose -353*b + 361445 + 449437 = -380846. Calculate the greatest common divisor of b and 211.
211
Suppose 2*b + 5*j - 625 = 0, -b + 30*j + 317 = 34*j. Calculate the greatest common divisor of b and 4758.
61
Suppose 10302 + 15918 = 95*m. Calculate the highest common factor of m and 648.
12
Suppose 0 = 7*q - 2*q - 120. Suppose -183*m - 15364 + 164540 = -13328. What is the greatest common divisor of m and q?
24
Let w(y) = -522*y - 20835. Let g be w(-40). Let z(r) = -r - 3. Let a be z(-3). Suppose a = -2*h - 2 + 122. Calculate the greatest common factor of h and g.
15
Let c be 1*4*(-4 - -36). Let v be 1/(21/(-56)*2/(-6)). Let t = c + v. What is the highest common factor of 34 and t?
34
Suppose -4*g + 9 = -g. Suppose 2*i + g*i = 85. Let j = i + -4. What is the greatest common divisor of 13 and j?
13
Let j(s) = s**2 - 1. Let v be j(-6). Let g = 71 + 33. Let u = 111 - g. What is the greatest common factor of u and v?
7
Let i be ((-3)/(-4))/(13/156). Suppose 4*h + 515 = i*h. What is the highest common divisor of h and 1751?
103
Let h = 396 - 389. Suppose -f + h*f - 1680 = 0. What is the greatest common divisor of f and 40?
40
Suppose -209*n = -210*n - 18. Let w be (n/(-4))/(40/160). Calculate the greatest common factor of 450 and w.
18
Let x = -42267 + 42346. What is the highest common factor of x and 23147?
79
Let i be (52/(-10))/(-2) - 9/15. Suppose -i*d + 369 = 5*z, -3*d + 7*d - z = 771. Calculate the greatest common factor of d and 12.
12
Let k be (480/200)/(24/15 + -1). Calculate the greatest common divisor of k and 154.
2
Let f be 1133/2 + (-5)/(-10). Let w be f/(-18)*4/(-6). Calculate the highest common factor of 189 and w.
21
Suppose 2*a - 19 = -3*n - 0*n, -n - 2 = -a. Suppose 3*m + n*r = 11 + 61, -5*m + 2*r = -141. Let d = m + -20. Calculate the greatest common factor of 77 and d.
7
Let m = -99 + 113. Let h be 42/(-147) + (51/(-7))/(-1). What is the highest common factor of m and h?
7
Let d be -6 + 8 + (-3 - -2) + -1. Suppose -12*u + 121 + 11 = d. Calculate the highest common factor of u and 11.
11
Suppose 0 = -2*k + 3*n - 8, 2*k + 5*n = 4*k + 16. Suppose -p = -x - k*p + 40, -2*x + 82 = 3*p. Calculate the highest common divisor of 304 and x.
38
Let d = 569 + -161. Suppose c - 4*g = -g + d, c + 4*g = 387. What is the highest common factor of 57 and c?
57
Let a be (-14)/(-49) + (188/(-7))/(-4). Let r(k) = k**3 - k**2 - 16*k + 128. Let v be r(8). What is the highest common divisor of v and a?
7
Let p be 28 - (-9)/(18/(-4)). Let f = -20 + p. Suppose 3*z + 2*b = 14, -z - z - 3*b = -f. Calculate the highest common factor of z and 9.
3
Let w(s) = -3*s**3 - 7*s**2 - 2*s + 7. Let i be w(5). Let k = -333 - i. Suppose -80 = 17*h - 454. What is the highest common factor of h and k?
22
Let i = 226 + -176. Suppose r + 5*d - 20 = 1, -4*r + 3*d = 31. Let q = 24 + r. Calculate the highest common divisor of i and q.
10
Let o be ((-1)/3)/((-2)/24). Suppose -o = -2*z + 16. Suppose l + 198 = h, h + 1461 = 3*l + 1675. Calculate the greatest common divisor of h and z.
10
Let f = 7846 - 7791. Calculate the highest common factor of f and 4345.
55
Let q = 34978 - 34798. Calculate the highest common factor of q and 4896.
36
Let q(n) = -15*n - 10. Let g be q(-5). Let w = g - -1. Let p be (-16)/6*w/(-44). What is the greatest common divisor of p and 4?
4
Let y(u) = 73*u**2 - 5546*u - 137. Let w be y(76). Suppose x - 5 = -0. Suppose 7 = m - x. Calculate the greatest common factor of m and w.
3
Suppose -61*h = -4669 - 206 + 300. Let f(u) = 2*u**2 + 8*u + 5. Let p be f(6). What is the highest common factor of p and h?
25
Suppose -14*w + 18*w = 48. Suppose -w*p + 17*p = 0. Suppose -16*b + 3 + 61 = p. Calculate the greatest common factor of 4 and b.
4
Let y(u) = 164*u**2 + 2*u + 37. Let d be y(4). What is the greatest common divisor of 471 and d?
157
Suppose h = 9*h - 128. Suppose -5*c = -4*c - s - 37, 4*s = -12. Let m = c + -18. What is the highest common factor of h and m?
16
Suppose 3 = -18*g + 39. Let b be (g - 5 - -6)*111. What is the highest common divisor of b and 9?
9
Let c(g) = g**2 + 20. Let s be c(-8). Suppose 16*i + 3*i - 2793 = 0. What is the highest common divisor of s and i?
21
Let d = -1057 - -1065. Let v be -2*(-2)/(10/5). Calculate the greatest common factor of v and d.
2
Suppose 11*c = 14*c - 108. Let y be (c/(-20))/(-3) + 142/5. Let b = 65 - y. What is the highest common factor of 108 and b?
36
Suppose 1 = l - 2*h - 11, -4 = -2*h. Let j be l/(-20)*(-10)/(-4). Let v be ((15/j)/(-3))/((-49)/(-4998)). What is the greatest common factor of 15 and v?
15
Let n = -466 + 486. Suppose -n*x = 15*x - 11165. What is the g